) = -i**2 - 5*i + 6. Determine h(-6).
0
Let f(j) = j**3 - 28*j**2 - 32*j + 97. Calculate f(29).
10
Let q(u) = 3*u - 8. Calculate q(4).
4
Let w(v) = 5*v**2 + 20*v + 14. Give w(-5).
39
Let b(h) = -h**2 - 3*h + 5. What is b(-3)?
5
Let i(z) = 2*z**3 - 25*z**2 + 12*z + 3. Calculate i(12).
3
Let r(u) = 3*u - 4. Determine r(2).
2
Let l(g) = 16*g - 2. Give l(3).
46
Let y(j) = j**2 + j + 5. What is y(-5)?
25
Let l(q) = -q**2 - 9*q - 15. Determine l(-2).
-1
Let w(b) = -6*b - 211. Determine w(-25).
-61
Let v(s) = 9*s - 54. Determine v(10).
36
Let q(b) = -9*b + 44. Calculate q(4).
8
Let u(p) = 30*p**2 + 7*p + 7. Determine u(-1).
30
Let t(h) = -4*h + 11. Give t(4).
-5
Let u(g) = g**3 + 3*g**2 - 3*g + 9. Determine u(-4).
5
Let r(u) = -u**2 + 10*u + 1. Give r(7).
22
Let t(j) = 9*j - 17. Give t(4).
19
Let i(a) = a**3 + 8*a**2 + 7*a - 2. Determine i(-8).
-58
Let n(v) = v**2 + 7*v - 33. Give n(-10).
-3
Let j(y) = -y**3 + 6*y**2 - 9*y + 1. Determine j(2).
-1
Let t(r) = -r**3 + 3*r + 5. Determine t(2).
3
Let q(c) = -2*c**3 + 10*c**2 - 5*c - 9. Give q(5).
-34
Let h(z) = -z**2 + 10*z - 23. What is h(6)?
1
Let w(h) = -31*h - 302. Determine w(-10).
8
Let f(b) = -b**2 + 4*b + 105. What is f(12)?
9
Let i(h) = -h**3 + 2*h. Calculate i(2).
-4
Let g(t) = -t**3 + 10*t**2 - 9*t - 7. Give g(9).
-7
Let p(k) = -k**3 - 5*k**2 + 4*k - 9. Calculate p(-7).
61
Let h(y) = -y**3 + 7*y**2 + 10*y + 9. What is h(8)?
25
Let w(z) = z**2 - 6*z + 4. What is w(0)?
4
Let t(i) = -2*i**2 - 6*i - 1. Determine t(0).
-1
Let b(a) = 4*a**2 + a + 1. What is b(1)?
6
Let v(w) = 25*w + 175. Calculate v(-7).
0
Let m(g) = 7*g + 1. Give m(1).
8
Let p(l) = -l + 14. Calculate p(13).
1
Let m(q) = 4*q - 3. What is m(-2)?
-11
Let c(a) = -4*a**2 + 26*a - 11. Determine c(6).
1
Let g(w) = w**3 + 13*w**2 + 11*w - 10. What is g(-12)?
2
Let c(f) = f**3 - 3*f**2 - 7*f. Calculate c(5).
15
Let l(w) = -w**3 + w**2 - 69. Give l(0).
-69
Let m(s) = -15*s + 104. Calculate m(6).
14
Let q(m) = -7*m**2 - 5*m - 1. Calculate q(-2).
-19
Let b(o) = -36*o - 1444. Calculate b(-40).
-4
Let t(h) = -h**3 - 6*h**2 - 4*h + 12. Give t(-5).
7
Let i(c) = 13*c + 70. What is i(-4)?
18
Let x(u) = u**3 + 5*u**2 + 11*u + 25. Determine x(-4).
-3
Let r(l) = l**3 - 2*l**2 - 44*l - 25. Calculate r(8).
7
Let y(p) = -p**2 + 2*p + 16. Calculate y(10).
-64
Let k(y) = -y**3 + 8*y**2 - y - 8. What is k(8)?
-16
Let w(a) = 7*a + 8. What is w(0)?
8
Let n(b) = b**3 + 8*b**2 + 6*b - 1. Calculate n(-7).
6
Let h(w) = w**3 - 11*w**2 + 11*w - 3. Determine h(10).
7
Let v(p) = p**3 - 3*p**2 - 2*p - 3. Give v(-2).
-19
Let s(m) = 2*m**2 + 13*m - 2. Give s(-9).
43
Let t(c) = c**3 + 6*c**2 - c + 17. What is t(-7)?
-25
Let y(x) = -117*x - 3. Give y(-1).
114
Let q(d) = 5*d**2 + 3*d - 1. Calculate q(1).
7
Let w(g) = g**2 - 3*g - 6. Determine w(0).
-6
Let a(j) = -15*j - 1. Determine a(-1).
14
Let n(r) = r**3 - 4*r**2 - 3*r - 2. Determine n(5).
8
Let o(u) = u**3 - u + 2. Calculate o(0).
2
Let z(n) = n**2 - 12*n - 46. What is z(16)?
18
Let q(t) = -13*t**3 + t**2 + t. Calculate q(1).
-11
Let z(r) = r**2 + 7*r - 40. Calculate z(-11).
4
Let i(g) = -24*g + 2. Calculate i(-1).
26
Let w(b) = 7*b**2 - 5*b - 10. Calculate w(-2).
28
Let t(f) = -f**3 - 5*f**2 + f - 6. Give t(-6).
24
Let k(p) = p**3 - 4*p**2 - 12*p - 3. Determine k(6).
-3
Let n(s) = -s**2 + 5*s + 7. Calculate n(3).
13
Let q(u) = u**3 - 9*u**2 + 3*u + 11. Calculate q(4).
-57
Let v(x) = -x**2 - 14*x - 10. Calculate v(-9).
35
Let l(c) = -4*c**2 - 2*c. Calculate l(5).
-110
Let b(j) = -j**3 + 12*j**2 + 15. What is b(12)?
15
Let a(m) = 8*m + 2. Determine a(-3).
-22
Let j(h) = h**2 - 8*h + 12. What is j(3)?
-3
Let k(x) = x + 7. Calculate k(6).
13
Let q(p) = -p**3 - 4*p**2 + 5*p - 1. Give q(-5).
-1
Let p(o) = o**2 + 4*o + 1. Calculate p(-4).
1
Let f(h) = h**3 - 17*h**2 - 19*h + 27. Give f(18).
9
Let p(w) = -w**3 + 17*w**2 - 29*w - 19. Calculate p(15).
-4
Let c(w) = -w**3 + 3*w**2 - 2. What is c(3)?
-2
Let d(s) = 6*s**3 + 3*s**2 - s + 1. What is d(-2)?
-33
Let q(l) = -4*l**2 + 12*l + 11. Give q(6).
-61
Let t(s) = -s**3 + 4*s**2 + 4*s + 1. Determine t(5).
-4
Let v(l) = -l**3 + 5*l**2 + 12*l - 13. Determine v(6).
23
Let g(w) = w**3 + 5*w**2 + 2*w - 1. Determine g(-5).
-11
Let w(x) = x**2 - 2*x - 8. What is w(-5)?
27
Let t(o) = -5*o**2 + 8*o + 2. Calculate t(3).
-19
Let q(a) = 2*a**2 - 13*a + 14. Give q(8).
38
Let h(j) = -2*j**2 + 24*j + 25. Determine h(13).
-1
Let q(v) = v**3 + 4*v**2 - 4*v + 9. Give q(-5).
4
Let a(t) = 4*t**2 - 1. Give a(2).
15
Let s(t) = -t. Determine s(4).
-4
Let r(d) = -14*d**2 - 2*d - 4. Give r(-2).
-56
Let b(n) = -n**2 - 10*n + 11. What is b(-11)?
0
Let g(q) = q**2 + 7*q + 2. Determine g(-6).
-4
Let z(q) = -5*q - 26. Calculate z(-5).
-1
Let z(p) = -15*p + 26. Give z(13).
-169
Let h(k) = k**2 + 10*k + 17. Determine h(-7).
-4
Let s(d) = -14*d + 54. Determine s(4).
-2
Let a(n) = 4*n**2 + 3*n - 2. Determine a(-2).
8
Let n(l) = l - 12. Determine n(15).
3
Let c(d) = d**3 + 14*d**2 - 36*d - 69. Determine c(-16).
-5
Let u(m) = -m**2 - 15*m + 1. Calculate u(-12).
37
Let x(z) = z**3 - 14*z**2 + 29*z - 16. Determine x(12).
44
Let n(a) = 2*a**3 - 10*a**2 + 2*a + 9. What is n(5)?
19
Let n(k) = -2*k**3 - 4*k**2 + 6*k. Give n(-3).
0
Let q(m) = -m**3 + 3*m**2 + 8*m - 9. Determine q(4).
7
Let f(h) = h**3 - 10*h**2 + 12*h - 10. What is f(9)?
17
Let s(z) = 2*z**3 + 5*z**2 + 4*z - 1. What is s(-2)?
-5
Let x(n) = 2*n**2 - 8*n - 42. Calculate x(-4).
22
Let m(y) = -y - 39. Determine m(-33).
-6
Let u(g) = -g**3 - 3*g**2 + 3*g + 12. Give u(5).
-173
Let n(m) = 16*m - 7. Calculate n(1).
9
Let t(m) = 18*m + 64. Give t(-4).
-8
Let u(x) = -20*x - 2. Give u(-4).
78
Let s(j) = 2*j**3 - 21*j**2 + 12*j + 13. Determine s(10).
33
Let j(r) = r**3 + 13*r**2 + 10*r - 10. Calculate j(-12).
14
Let f(u) = -u**2 - 9*u + 45. What is f(-14)?
-25
Let s(g) = g**3 + 10*g**2 - 16*g. Determine s(-11).
55
Let v(g) = -g + 17. Determine v(12).
5
Let o(g) = -g**3 - 2*g**2 - 5*g - 2. Calculate o(-2).
8
Let x(r) = r**3 + 7*r**2 - 22*r - 9. Give x(-9).
27
Let u(m) = 2*m + 7. Calculate u(-8).
-9
Let o(b) = -b**3 + 14*b**2 - 15*b + 18. Give o(13).
-8
Let c(o) = 14*o**3 + 3*o**2 + 4*o + 1. Give c(-1).
-14
Let u(w) = w**2 + 15*w - 36. Calculate u(-16).
-20
Let n(r) = 2*r - 6. Calculate n(2).
-2
Let q(i) = i - 18. What is q(12)?
-6
Let q(g) = -2*g**2 + 3*g. What is q(2)?
-2
Let n(h) = 21*h + 4. Give n(-4).
-80
Let d(a) = 10*a + 38. Calculate d(13).
168
Let n(j) = -j**3 - 5*j**2 + 14*j + 4. Determine n(-7).
4
Let q(w) = 5*w**3 - 3*w**2 - 6*w + 5. Give q(3).
95
Let d(r) = -24*r - 19. Calculate d(-3).
53
Let u(h) = -14*h**3 + h**2 - 2*h + 3. Calculate u(1).
-12
Let g(l) = 30*l + 77. Calculate g(-3).
-13
Let l(o) = -2*o**2 + 9*o + 17. What is l(6)?
-1
Let d(o) = -3*o - 8. What is d(9)?
-35
Let h(f) = -2*f + 13. Determine h(7).
-1
Let q(y) = y**3 + 22*y**2 + 23*y - 14. What is q(-21)?
-56
Let f(g) = g**2 + 15*g - 15. Determine f(-14).
-29
Let z(w) = -w**2 - 2*w + 7. Give z(2).
-1
Let n(z) = -11*z - 1. Calculate n(1).
-12
Let n(y) = -7*y + 30. Give n(14).
-68
Let y(n) = -n**3 - 5*n**2 + 9*n + 8. Calculate y(-6).
-10
Let c(t) = -t**2 - 6*t - 2. Determine c(0).
-2
Let s(o) = 20*o - 110. Determine s(6).
10
Let s(b) = -b**3 + 4*b**2 + 5*b - 3. What is s(3)?
21
Let b(z) = z**3 - 9*z**2 - 7*z - 3. Determine b(10).
27
Let i(g) = g**2 + 2*g - 28. What is i(-8)?
20
Let s(j) = j**2 - 26*j - 120. What is s(30)?
0
Let q(i) = i**3 - 6*i**2 - 6*i - 6. What is q(5)?
-61
Let r(b) = b**3 - b**2 - 8*b - 3. Determine r(-4).
-51
Let g(s) = 93*s - 89. Calculate g(1).
4
Let k(s) = -5*s + 66. Calculate k(12).
6
Let u(d) = 23*d**2 - 2*d - 1. Calculate u(-1).
24
Let o(s) = -16*s - 48. Give o(-4).
16
Let u(j) = j**3 - 4*j**2 + 4*j - 1. Give u(3).
2
Let u(b) = -67*b**2 + b + 2. Give u(-1).
-66
Let c(p) = p**3 + 3*p + 2. What is c(-2)?
-12
Let y(g) = -3*g**3 + 11*g**2 + 2*g + 8. Determine y(4).
0
Let d(o) = o + 7. Give d(-5).
2
Let v(r) = r - 4. Determine v(-10).
-14
Let w(q) = q**3 - 12*q**2 + 14*q + 9. Give w(10).
-51
Let t(z) = 3*z + 5. Give t(-10).
-25
Let k(d) = d**3 + 3*d**2 - 14*d - 2. Determine k(-4).
38
Let g(x) = x**2 - 20*x + 10. What is g(19)?
-9
Let o(c) = c**2 - 7*c - 4. Calculate o(7).
-4
Let x(p) = 2*p**2 + 19*p + 30. Give x(-8).
6
Let p(r) = r**3 - 5*r**2 + 11*r - 9. What is p(4)?
